ded by x?
11
Calculate the remainder when (-2)/(-2 - 408/(-207)) is divided by 1/(-3) - (-55)/3.
15
Let g = -3 - -3. Suppose g = -4*l - 3*p + 26 - 2, -p - 6 = -l. What is the remainder when 23 is divided by l?
5
Suppose 37*m + 20 = 38*m. What is the remainder when m is divided by 11?
9
Suppose -2*n - 177 = -3*c, 172 - 54 = 2*c - 2*n. Calculate the remainder when c is divided by 16.
11
Let o be (5 + -4 - 1) + 2. Suppose -y - o = -9. Calculate the remainder when 33 is divided by y.
5
Let a(f) = f**2 + 7*f + 9. Let x be a(-6). Suppose -6*m + x*m = -132. Calculate the remainder when m is divided by 15.
14
Let j be (2/(-6))/(6/(-18)). Calculate the remainder when (195/20)/(j/4) is divided by 7.
4
Suppose 0 = -5*s - 4*j + 52, s + 33 = 4*s + 3*j. Suppose -11 = -3*a + 55. What is the remainder when a is divided by s?
6
Suppose -5*r = -2*k + 35, 20 = -k - 9*r + 4*r. Calculate the remainder when 13 is divided by k.
3
Let k = 91 - 77. Calculate the remainder when 40 is divided by k.
12
Suppose -5*f - 136 + 381 = -5*n, 2*n = 0. Suppose -6*s + 68 = -2*s. What is the remainder when f is divided by s?
15
Let p = -26 - -15. Let v = 18 + p. Suppose 0 = -2*h + v + 3. Calculate the remainder when 9 is divided by h.
4
Let b = -8 - -11. Suppose -b*j - j + 32 = -g, -4*j + 3*g = -32. Let t = 7 - -15. What is the remainder when t is divided by j?
6
Let w = 2 + -2. Suppose 4*x + 3*u + u - 340 = w, 3*x = -u + 263. What is the remainder when x is divided by 23?
20
Suppose 0 = -2*x + 34 + 16. Calculate the remainder when x is divided by 7.
4
Suppose 3*d = -k + 69, k - 16 - 85 = 5*d. Calculate the remainder when k is divided by 21.
18
Let l = 6 + -10. Let s be (-4)/6 + (-10)/(-6). What is the remainder when 1 + l + s*23 is divided by 11?
9
Suppose -x - 4 = -3*x. Suppose 0 = -2*o, -c - o + x*o + 11 = 0. Suppose 0 = -2*p + 6*p - 2*a - 6, 3*a = 4*p - 1. Calculate the remainder when c is divided by p.
3
Let c be (-110)/(-25) + (-4)/10. Suppose 3*p + 5*v = -p + 219, 0 = c*p - v - 201. Suppose 4*d - 55 = -3. Calculate the remainder when p is divided by d.
12
Let v(g) = -7*g**3 + g**2 + 3*g. Let a(y) = 7*y**3 - y**2 - 4*y. Let f(i) = 3*a(i) + 4*v(i). Calculate the remainder when 31 is divided by f(-1).
7
Let m(s) = s**3 + 7*s**2 + 3*s - 3. Let l(t) = -6*t - 10. Let j be l(-8). Let p = -21 + j. Calculate the remainder when m(-5) is divided by p.
15
Let z = 53 - 33. Let h = -20 - -98. What is the remainder when h is divided by z?
18
Suppose 0 = -4*f - 5*f + 252. Calculate the remainder when f is divided by 11.
6
Suppose 3*n - 79 = -28. Let b(x) = x**2 - 2*x - 5. Let o be b(4). Suppose -o - 3 = -s. Calculate the remainder when n is divided by s.
5
Suppose 3*s = 8*s - 25. Calculate the remainder when 9 is divided by s.
4
Let n = -79 + 87. Suppose 5*l + 12 = -j + 85, -l + 5*j - 1 = 0. Calculate the remainder when l is divided by n.
6
Let d(r) = r**3 + 16*r**2 + 11. Let q(w) = w**2 - 6. Calculate the remainder when q(-6) is divided by d(-16).
8
Suppose -5*w + w = 8. Let y(r) = r**2 - 12*r - 32. What is the remainder when (-3 - -1)/(w/24) is divided by y(15)?
11
Let t(u) = u**3 + 13*u**2 + 2*u - 15. Calculate the remainder when t(-11) is divided by 52.
49
Let w = -271 - -274. Let m(k) = -k**3 - 8*k**2 - 8*k - 8. Let q be m(-7). What is the remainder when 5 + 0*(-1)/q is divided by w?
2
Suppose 5*u - 11 - 129 = 0. Let r = -10 + 20. Calculate the remainder when u is divided by r.
8
Suppose -310 = -2*w - 5*m, 3*m = -0*m. What is the remainder when w is divided by 39?
38
Let w = 38 - 31. Calculate the remainder when w is divided by 4.
3
Let j = 213 + -175. Calculate the remainder when 66 is divided by j.
28
Let h be 2/(-2) + (0 - -1). Suppose 69 = 2*o + 2*o + 5*w, h = 4*o + w - 65. Calculate the remainder when 30 is divided by o.
14
Let r be 8/6*(0 - 3). Let z(p) = -6*p. Let b(a) = 3*a + 1. What is the remainder when z(r) is divided by b(4)?
11
Suppose 0 = -5*l - 15, 2*q - q + 2*l = -6. Suppose 5*c - 20 = 0, 2*c = -q*b + b + 10. Calculate the remainder when (-1 - 3/b)*82 is divided by 11.
8
Let m = 79 + -76. Calculate the remainder when 2/(-6) + 50/6 is divided by m.
2
Suppose 3*a - 30 - 3 = 0. Calculate the remainder when a is divided by 2.
1
Let f = 3 + -5. Let r(u) = -3 + 2*u - 5*u - 203*u**3 + 202*u**3. Calculate the remainder when 31 is divided by r(f).
9
Suppose 5*p + 3*a = 267, 6*a = -3*p + 2*a + 158. Calculate the remainder when p is divided by 14.
12
Suppose 13*v = 8*v + 75. Calculate the remainder when 29 is divided by v.
14
Suppose -4*u + 2 = 3*h + 5, -4*h - 4 = 4*u. Let x = -42 - -19. Let w = h - x. Calculate the remainder when w is divided by 8.
6
Let c be (-4)/(-10) - 26/(-10). Let h(a) = 4*a**2 - 4*a + 2. Let x = -21 - -35. What is the remainder when h(c) is divided by x?
12
Let j = 15 + -10. What is the remainder when 8 is divided by j?
3
Let b = 22 - 9. Calculate the remainder when 18 is divided by b.
5
Suppose 5*l - 15 = 0, o = -3*o + 3*l + 79. Calculate the remainder when o is divided by (-1)/(2/8)*-2.
6
Suppose -5*s + 3*s + 4 = 0. Suppose -s*j + 38 = 14. What is the remainder when 11/(-55) + 452/10 is divided by j?
9
Let g = -7 + 10. Calculate the remainder when g is divided by (-1 + (-1 - -4))/(-7)*-7.
1
Let i(j) = 94*j**2 + 2*j + 1. Calculate the remainder when i(-1) is divided by 19.
17
Suppose -2*f - 3*c + 13 = 0, 3*f - 18 = f - 2*c. Let a = 7 - -20. What is the remainder when a is divided by f?
13
Suppose 8*p - 9*p = -2. Let u = 2 + -1. Calculate the remainder when 5 is divided by p/3*3*u.
1
Suppose 4*c + 4*r = 2*c - 6, 5*c - 41 = 4*r. Calculate the remainder when 33 is divided by c.
3
Calculate the remainder when 51 is divided by 19 + (-2)/(0 + 2).
15
Let m = 948 + -458. Suppose m = 3*s - s. Suppose -5*v = -0*v - s. What is the remainder when v is divided by 17?
15
Suppose -3*d + 2*a = -40, -3*a = 3*d + a - 10. Calculate the remainder when d is divided by 4.
2
Suppose 2*h + 0*y - 32 = -2*y, 5 = -y. Suppose 0 = -2*v + 5*m + 7, -3*v + m + 29 = 2*v. Let u = 0 + v. What is the remainder when h is divided by u?
3
Suppose -2*v - 3*n + 60 = -5*n, 4*n - 45 = -v. What is the remainder when v is divided by 18?
15
Suppose 0 = -4*v - 8, u + v - 68 = -4*u. Let o = -9 + u. Suppose o*z - 28 = 7. Calculate the remainder when 12 is divided by z.
5
Suppose 0 = -k - 4*t + 17, -13 = 3*k + 2*t - 74. Let v = 44 - k. What is the remainder when v is divided by 12?
11
Let r(y) = -y**3 - 6*y**2 - 7*y - 4. Let p be r(-4). Suppose 0*o + 3*o - 42 = 0. What is the remainder when (54/p)/((-1)/4) is divided by o?
13
Let z(x) = -13*x - 75. Calculate the remainder when 59 is divided by z(-6).
2
Suppose -15 = 3*k + 2*k + f, 4*k + f = -13. Calculate the remainder when 26 is divided by (2/k)/((-1)/7).
5
Let p(z) = -z**2 - z + 12. Let t be p(0). Let a = t - 1. Let q = a + -3. Calculate the remainder when q is divided by 3.
2
Let v(z) = 7*z**2 - z + 1. Let j be v(2). Let l = 88 - j. What is the remainder when l is divided by 16?
13
Suppose -3*t + 3*u + 359 = 2*u, 5*t + 5*u = 625. Calculate the remainder when t is divided by 21.
16
Let c(y) = -y**3 - y**2 + 5*y + 3. Let f be c(-4). Suppose 4*r = 4*h + 8 + 16, 4*h - f = -r. Calculate the remainder when r is divided by 4.
3
Let r(q) = 9 + 5*q - 9 - q**2. Suppose 0*p + p - 2 = 0. What is the remainder when r(3) is divided by p?
0
Let c = 48 - -8. Let q = c + -33. Calculate the remainder when q is divided by 14*(-2)/(-4) - -1.
7
Suppose 0 = -i - 7 + 1. Let g(w) = w**2 - w - 4. What is the remainder when g(i) is divided by 10?
8
Let r be 2 - 1 - (-2)/1. Suppose 6 = -r*i - 0. Calculate the remainder when 1/(i*(-1)/14) is divided by 3.
1
Let m(g) = g**3 + 6*g**2 - 2*g + 8. Calculate the remainder when 76 is divided by m(-6).
16
Let d(m) = m**2 + m + 24. Let l be d(0). Let s = l - 13. What is the remainder when s is divided by (-56)/(-10) - 2/(-5)?
5
Let b(t) = 2*t**3 - t**2 + 2*t - 1. What is the remainder when 89 is divided by b(2)?
14
Calculate the remainder when 22 is divided by -1 - 3 - -8 - -2.
4
What is the remainder when (-1 + -11)*-6 - (-45)/15 is divided by 19?
18
Let z = -33 + 53. What is the remainder when z is divided by 6 - (0 + 1)/(-1)?
6
Let i(x) be the first derivative of x**4/4 + 8*x**3/3 - 7*x**2/2 - x - 1. Calculate the remainder when i